or of 506 and f?
46
Let h(k) = -k**3 - 20*k**2 + 13*k - 13. Suppose 473 = -13*o + 200. Let x be h(o). Calculate the greatest common divisor of x and 5.
5
Let t = 37 - -9. Suppose 2*a - 2*m - 3*m = 56, 0 = m. Let j = t - a. Calculate the greatest common divisor of 12 and j.
6
Let v(t) = -t**3 - 5*t**2 + 2. Let u be v(-5). Suppose -132 = 2*w - 3*w + 5*h, u*w + 5*h - 219 = 0. What is the greatest common divisor of 9 and w?
9
Let j(y) = y**3 - y**2 - 4*y + 15. Suppose 3*f + 2*b + 10 = 6, -2 = -f + b. Let r be j(f). Calculate the highest common factor of r and 435.
15
Let n = 2346 + -2226. What is the highest common divisor of 150 and n?
30
Let q be 2 + 125/3 - (-155)/(-93). Let k = q + 179. What is the greatest common factor of 117 and k?
13
Suppose -a + 4 = a, -f + 3*a + 4 = 0. Let y(i) = -i + 16. Let n be y(f). Let d be (n/9 - 1/(-3))*1. What is the greatest common factor of d and 9?
1
Let g(s) = -10*s - 15. Let r be g(-2). Let x = -10 + 14. Let z be x*((-57)/(-12) + -1). Calculate the greatest common factor of r and z.
5
Suppose -244 + 248 = -4*h - 4*y, 8 = 2*h - 3*y. Calculate the greatest common divisor of 479 and h.
1
Suppose g = 3*x - 45 + 270, 0 = -4*x + 5*g - 300. Let w = 145 - x. Calculate the highest common factor of w and 44.
44
Let t be (-851)/(-92)*(415 - 3). What is the greatest common divisor of t and 309?
103
Suppose -4*c + 12 = -628. Let s be -455 + (-3 + -1)/4. Let x = s + 466. Calculate the greatest common divisor of c and x.
10
Suppose 34*y - 38*y = -1580. Suppose 0 = -398*f + y*f + 36. Calculate the highest common factor of f and 228.
12
Let f(q) = -q**3 + q**2 - 344*q + 150. Let g be f(0). Calculate the greatest common divisor of 4275 and g.
75
Let v(g) = -47*g**2 + 803*g - 21. Let z be v(17). Let c = 578 + -155. Calculate the greatest common factor of c and z.
47
Let m(n) = 39*n**2 - 26*n + 259. Let k(u) = 7*u**2 - 4*u + 43. Let x(c) = 34*k(c) - 6*m(c). Let v be x(8). What is the highest common divisor of v and 12?
12
Let x = -1969 + 8636. Calculate the greatest common factor of x and 113.
113
Suppose 20*w + 2151 = 3*y + 19*w, -y - w = -713. Calculate the highest common divisor of y and 2327.
179
Let p(q) = 8*q - 51. Let c be p(7). Suppose 0 = f + 4*v - 46, 4*v + c = -11. What is the greatest common factor of f and 155?
31
Suppose -j + 36 = -20*v + 25*v, -j + 48 = -v. Let s be ((-46)/8)/((-6)/72). Calculate the highest common divisor of j and s.
23
Suppose 77189*i - 77228*i + 7800 = 0. What is the greatest common factor of i and 4240?
40
Let b(u) = 10*u + 2. Suppose -5*p + 5 = -c, -4*c + 0*c - 20 = -4*p. Let i be 8*4/(-8) - c. Let x be b(i). Calculate the highest common divisor of 84 and x.
12
Let b(q) = 2*q**2 + 23*q + 51. Let s be b(-22). Suppose -s*k - 1110 = -516*k. What is the greatest common divisor of k and 20?
10
Let t = 230 + -228. Suppose -j - k + 1384 = 2*j, -t*k = 5*j - 2308. What is the highest common divisor of 20 and j?
20
Suppose -5*m = -4*y - 256, -3*y - 137 = -5*m + 115. Let d be (-21)/(-14)*(2 + 6). What is the highest common factor of m and d?
12
Let p(l) = -l**3 + 21*l**2 - 49*l + 106. Let s be p(9). Suppose 3*b = -20 + 59. What is the highest common factor of s and b?
13
Let j be 646/9 - 2/(-9). Let s(d) = 254*d - 1730. Let r be s(7). What is the greatest common factor of r and j?
24
Let b = -543 + 1273. What is the greatest common factor of b and 438?
146
Let r = -7 + -1. Let c(l) = 3*l + 34. Let y be c(r). What is the highest common divisor of 65 and y?
5
Let p = 321 + -188. Suppose 3*s + 6*v - 4*v = p, -2*s + v = -91. Let w = 23 + -14. What is the highest common divisor of w and s?
9
Let i(p) = -14*p - 90. Let j be i(-7). Suppose -2*g + 2 = -10. Suppose -m + 5*s = -2, -m - 10 = -g*m - 4*s. What is the greatest common divisor of j and m?
2
Let y = -226 + 784. Suppose 0 = 4*c - y - 114. Let h(u) = -u**2 + 11*u - 7. Let o be h(7). What is the greatest common factor of o and c?
21
Let k be 18/(-153) - 140/(-34). Suppose 49 = k*y - 103. Calculate the greatest common factor of y and 76.
38
Suppose 2*k = -5*z - 1388 + 5080, -k = z - 1843. What is the greatest common divisor of k and 14?
7
Let s(w) = -28*w + 88. Let x be s(-6). Suppose 0 = 4*g - 2*m - 218, -3*m + 0*m = 5*g - x. Calculate the highest common divisor of g and 106.
53
Let c(d) = d**3 + d**2 + 15*d - 163. Let y be c(6). What is the highest common divisor of 716 and y?
179
Suppose -20 = 2*f - 18. Let q be 16/(-4) - (-489 + f). Let a = -288 + q. What is the highest common factor of 18 and a?
18
Let z = 2860 + -1880. What is the highest common divisor of z and 40?
20
Let w be (-25 + 24)*14 - -344. Suppose 0 = 4*p - 10 - 230. Calculate the greatest common factor of w and p.
30
Let u = 80 - 44. Let p be 8/3 - 6*(-10)/45. Suppose 0 = -2*y - p*n + 44, 5*n + 27 = 4*y - 74. Calculate the greatest common divisor of u and y.
12
Let u(d) = d**2 + 351*d + 3420. Let b be u(-10). What is the greatest common factor of b and 5035?
5
Let y = -12 + 32. Suppose y*d = 47 + 293. What is the highest common divisor of 102 and d?
17
Suppose -108756 = -5*s - 15851. Calculate the greatest common divisor of 17 and s.
17
Let j be (14/(-49))/((-2)/(-28)*-2). Suppose 3*l - j*l + 16 = 0. Let f = l + 22. What is the highest common divisor of f and 3?
3
Suppose -249 = 3*s + 5*g - 260, -4*g = 8. What is the highest common divisor of 5873 and s?
7
Let y = 59 - 49. Let k be 6*10/(-8)*(-28)/y. Let b = 274 - 190. Calculate the greatest common divisor of k and b.
21
Suppose 3*j - 12*v = -13*v + 67, -v - 53 = -2*j. Suppose 0 = 4*r - j*r + 1560. What is the greatest common divisor of 78 and r?
78
Suppose -13*l - 5*l = -12398 + 10328. What is the highest common factor of 2162 and l?
23
Suppose -5*o - 19 = -b + 95, o - 262 = -3*b. Suppose n - 2*a - 35 = 17, 2*n - a - b = 0. Calculate the highest common divisor of 154 and n.
14
Suppose -a = 3*w - 3, -514*w - 4 = -513*w. Calculate the greatest common factor of a and 2895.
15
Suppose -320 - 160 = -5*d. Suppose -s + d = 3*s. Suppose -7*x = -2048 + 536. Calculate the greatest common factor of x and s.
24
Let z be (16/6)/(246/32103). Let b = 35 - 23. Calculate the highest common factor of z and b.
12
Suppose 2*l = -2*v + 8196, 72*l + 4*v = 69*l + 12288. What is the greatest common factor of l and 54?
54
Let m = 323 + -70. Let u = 384 - m. Let b = u + -75. Calculate the greatest common factor of b and 7.
7
Suppose -3*p - 8 = 7. Let l(s) = 3*s**3 + 6*s**2 + 9*s + 9. Let g be l(p). Let f = g + 386. Calculate the greatest common factor of f and 25.
25
Suppose 4*q = 7*b - 32 - 2, 4*b = -4*q - 12. Calculate the greatest common factor of b and 331.
1
Let h(a) be the second derivative of a**5/10 - a**4/3 - a**3/6 - a**2/2 - 34*a. Let n be h(4). Let f = n + -11. What is the greatest common factor of f and 12?
12
Suppose 91*j = 72*j - 342. Suppose 3*o - 3*z + 6 = 0, 3*z + 8 - 30 = -5*o. Let f be j*4*(-1 + o/4). Calculate the highest common factor of 24 and f.
12
Suppose 36*u - 18*u = -36. Let h be 66/33*(-17)/u. What is the highest common factor of h and 493?
17
Suppose -603 + 43 = -117*u + 37*u. What is the highest common divisor of 2219 and u?
7
Suppose -25*c = 26617 - 26767. Let d = 299 - 107. Calculate the highest common factor of d and c.
6
Let b(j) = 4*j - 16. Let z be b(16). Suppose -15*r + z = -9*r. Let l(h) = h**3 - 8*h**2 + 4*h - 8. Let x be l(r). What is the highest common factor of x and 84?
12
Let x(q) = q**2 - 4*q - 4. Let t be x(-9). Let w(j) = -5*j + 6. Let k be w(15). Let s = t + k. Calculate the highest common factor of s and 11.
11
Let p(w) = -11*w - 68. Let j be p(-7). Let o(n) = -3*n + 30. Let c be o(j). Suppose 0 = 12*r + 13 - 85. What is the highest common divisor of r and c?
3
Let w(g) be the second derivative of -g**4/12 - 9*g**3/2 - 67*g**2/2 + g - 16. Let d be w(-20). Calculate the highest common divisor of 365 and d.
73
Let h = 443 - 438. Let s be (-6)/h*(4 - 5)*95. What is the highest common divisor of s and 2?
2
Let c be 3*1/3*-6. Let q be c/36 + 146/12. Suppose -y = 5*g - 106, -14*g = -y - 11*g + 90. What is the highest common factor of y and q?
12
Let z be 148 - -1*((-6)/(-21) + 528/112). What is the greatest common factor of z and 144?
9
Let x = 6 - -3. Suppose -2*w - 68 = 518. Let b = w + 296. What is the highest co